value of -1 - 1 - (-9707 + 9773)?
-68
What is the value of (-19 - 4) + -78 + 44 + 103?
46
89 + -1 + -16 + 17 + -7 + -145 + 147
84
What is the value of -34 - (20 + (-85 - -55) + (10 - 1))?
-33
What is (3 - -46) + (3 - 7) + 47 + -48?
44
(-20 - (-56 + 14 - -12)) + -61
-51
(9 - -9) + (-42 + 0 - -15)
-9
What is the value of -423 + 407 + -56 + -1 - 27?
-100
122 + (-132 - -74) + -14 + 2
52
Calculate 1 + (215 - 107 - 231).
-122
0 + -9 - ((-3 - -13) + (-5 - -19 - 70))
37
What is the value of -3 - -1 - ((47 - 8) + -23)?
-18
(-3338 - -3202) + (80 - 1)
-57
Calculate -17 - ((22 - (7 - (1 - 11))) + 25).
-47
(4 - 1) + 35 + (-1229 - -1260)
69
What is the value of -64 - (-14 + (-27 - -18) + 12)?
-53
What is the value of 25 + (24 - 39) + -18?
-8
What is 6 + (-18 + 6 - -5) - (-71 + 27)?
43
18 - ((35 - -2) + -12 + 13)
-20
What is the value of (5 - 1) + (-121 - (-65 - (-36 - -3)))?
-85
What is (4 - -7) + 2 + 236 + -284 - -7?
-28
What is (-14 - (20 - 1)) + -6 + 1?
-38
What is -4797 - -4812 - (60 + -1 + 0)?
-44
What is the value of 0 + 4 + ((118 - 108) + (-27 - -1) - -56)?
44
Calculate 2037 + -2046 + (25 - (1 - -1)) - -21.
35
Calculate 44 - (85 + 0 + -23).
-18
What is -17 - (-45 + 53 + -32)?
7
What is the value of 2 - 8 - (3 - 0 - (-7 - -13 - -19))?
16
Evaluate (7 - -3) + 96 + -72 + -146.
-112
What is 3 + 2 + -1 + -10 - -23?
17
-38 + 24 + -39 + 5 + -11
-59
Calculate -307 - -372 - (-9 - (-9 + 5 - 2)).
68
Evaluate 1 - (8 + -12 - 18).
23
What is the value of 37 + -35 + 10 - 12 - -10?
10
Evaluate (-1 - (-3 + 1)) + (-20 + -5 + -6 - 7).
-37
Evaluate -16 - 52 - -69 - 48.
-47
-16 + -64 - (46 + -34)
-92
Evaluate (-7 - 0) + (-418 - -377).
-48
What is 1 + (172 + -173 - (6 - -2))?
-8
Evaluate -42 + 1 + -4361 + 4405.
3
What is the value of (-6 - (-4 + (-17 - -123))) + (-6 - (7 + -9))?
-112
Evaluate (-9 - (-8 - (-121 + 7))) + (26 - 18) + 11.
-96
What is (6376 - 6337) + (1 + -15 - (-2 + 1))?
26
What is (-8 - 26) + 22 + (2 - (-2 + -39))?
31
Evaluate (-8 - 34) + (65 - 22) + -29.
-28
14 + 40 + -65 + -30
-41
-53 - -12 - (23 + -31)
-33
Calculate (-36 - 13 - 15) + (-17 - (29 + -47)).
-63
What is the value of 1 + -5 - -2 - (-8774 - -8766)?
6
(72 - -11) + -16 + (65 - 27)
105
Calculate -106 - (48 - -84 - 145).
-93
Calculate 10607 + -10460 - (95 + 0).
52
Evaluate (21 - 28 - -90) + -38.
45
What is the value of 34 - (71 + -35 + -2)?
0
What is 1 - 55 - (-1 - (22 + -8)) - -20?
-19
What is (10 - (-1 - ((-8 - -19) + -9))) + -21?
-8
Evaluate -1 - 20 - (0 + 0 + (-8 - (17 - 22))).
-18
1 + -13 - (-49 + 45 + 49 - 135)
78
Evaluate (4 - 0) + (6 + 16 + -15 - (-19 - -12)).
18
What is the value of -30 + -32 + -20 + 70?
-12
Calculate -16 + -66 - -70 - 32.
-44
Calculate -136 + 250 + (108 - 81).
141
What is the value of 2 + (-8 + -1 + 4 - (11 + -1 + -9))?
-4
(-1 - (2 + -3 + -5)) + (-71 - 134) + 179
-21
0 + 7 - (-15 + 37 - 7) - -25
17
-52 + -9 - (10 + 4 + -9 + 3) - 9
-78
What is the value of 36 + -52 - 1 - (-1 + -10) - -3 - -37?
34
Calculate (15 - -81 - 140) + (21 - 0).
-23
Calculate -60 - (-263 + 250 - (-19 + 3)).
-63
Evaluate -22 + -3 + 2 + -258 + 236.
-45
31 + -581 + 586 + 10 + -1
45
What is the value of 38 - (9 + (-19 - -3) - -30)?
15
-41 + 32 + (10 - -1 - (-27 + 33))
-4
Calculate -8 + 12 + 24 + -16 + -12 - (0 + -40).
40
Calculate (0 - (6 + 0)) + 69 + -58.
5
What is the value of 168 + (-128 - -58) + -77?
21
What is -68 - 4 - (249 - 259)?
-62
What is -16 - (-15 - (0 - 3) - -7) - (9 - 36)?
16
-6 - (-5 - 2) - (-26 - 22) - (0 - 10)
59
(84 - (48 + -17)) + -50
3
(-2 - 104) + (79 - (11 + 35))
-73
Calculate -170 + 88 - (65 + -189).
42
What is the value of -2 - -5 - -3 - ((-25 - -54) + 20)?
-43
What is the value of -1538 + 1566 - ((-1 - (4 - (5 + 1))) + -4)?
31
-7 + 11 + -27 + 15 + (8 - 0)
0
What is -13 + 5 - (-6 - 19) - (14 + -2 + -5)?
10
Calculate -18 + (79 - 26) + -34.
1
What is the value of (23 - 103) + 99 + 21?
40
Calculate -35 - (5 + -3 + 2 + (-37 - -29) - -9).
-40
Calculate (-86 - (-74 + -23)) + -24 + -1 + 0.
-14
Evaluate (-49 - 3) + (-42 - -92) + -38.
-40
What is (-16 - -39 - (17 - -5)) + 74?
75
102 + (-6 - -2 - (-10 + 3) - (128 + -118))
95
Evaluate -8 - (351 + -290 - (-32 - 0)).
-101
What is the value of 6 + (14 - 32) - (-5 - 12) - (11 + -2)?
-4
-38 - (-4 - -7 - 0 - 6 - -23)
-58
What is (23 - 13) + -52 + 14 - (-3 + -8)?
-17
Evaluate -39 + (2 - 3) + 9 + -9 + 1 + 12.
-27
What is the value of 10 - 1 - 3 - -20 - ((-4 - -3) + 5)?
22
What is (4234 - 4280) + 3 + -82?
-125
Calculate 4 + -1 - (0 + -2 + (7 - (-61 - -61))).
-2
What is 165 + 0 + 23083 + -23196?
52
What is the value of -10 - (4 - (-5 + 20 + (3 - 8)))?
-4
What is the value of -13 + 3 + 41 + -66 - 68?
-103
-33 - (76 + 11 + -73)
-47
Calculate -16 + 0 + (346 - 329) - -99.
100
What is the value of (47 - 56 - (4 + -3 + -10)) + 37 - -7?
44
Calculate 24 + 1 + (2219 - 2213).
31
What is 3 + (-12 - -7 - 2) + 13 + -31?
-22
What is the value of 13 + 48 + -145 + 91?
7
What is (-563 - -521) + (54 - -1)?
13
What is 1 + (-11 - (9 - (9 - (-106 + 14))))?
82
What is 113 - 4 - (-10 - ((48 - 51) + (-1 - -8)))?
123
Calculate -1 + 28 + 3 - (6 - (7 - -6)).
37
Calculate 19 + -27 - 13 - -8 - -51.
38
1 + -16 + (64 - 160) + 32 + (0 - 22)
-101
11 - -15 - (30 + -50)
46
13 + 38 - (136 - 38) - -164
117
Evaluate -45 - (30 - (-44 - -63)).
-56
Calculate -3 + -27 - ((39 - -56) + -30).
-95
Calculate (6 - 1 - (362 + -340)) + -11.
-28
Calculate (5 + -16 + 10 + -38 - 12) + -9.
-60
What is the value of -12 + (4 - (-15 - -17)) + 5 + -7?
-12
What is the value of -10 - 3 - ((-5 - (-18 - -3)) + 0)?
-23
-55 + -66 + 21 - -38
-62
What is (21 - 21 - 8 - 6) + 28?
14
(341 - 355) + (-3 + 0 + 3 - 16)
-30
Calculate 0 + (29 + 13 - 157).
-115
Evaluate (-72 - (-161 + 99)) + 0 + (40 - 2).
28
Calculate 1 + 1 + (-17 - (1 - (-2 - -42))).
24
What is -40 - 6 - 47 - -47?
-46
What is the value of -16 - (-46 - (52 - -15))?
97
What is 12 - (12 + (-12 - -9) + -1 + -8)?
12
What is the value of (-26 - (-13 + 10 + -23)) + (0 - 30) + -1?
-31
What is -30 - (-19 + -5 + 32)?
-38
(-18 - -21) + (24 - 21)
6
What is (8 + -18 - 12) + 7 + -52?
-67
-7 + -142 + 152 - -13
16
What is 9 - -22 - 0 - (-4 + -2 + 43 + -38)?
32
Evaluate 33 - (-2 + 153 + 88 + -124).
-82
What is (14 - -2) + (63 - 47) + -27 - (87 - 0)?
-82
What is the value of 7 - 3 - (-11 + -1 + 17 + 14)?
-15
Evaluate (11 - -2) + -15 - (8 - (17 - 90)).
-83
Evaluate 115 - ((67 - 26) + (-13 - 36) + 23).
100
What is -16 - (-9 - (1 - (36 + (1 - 10))))?
-33
Calculate 35 - (43 + -87 + 38 + -47).
88
What is the value of (104 - 76 - -16) + 18 + -2?
60
130 + 10 + -1 + (21 - 21) + -11 + -13
115
What is -29 - -6 - ((-4 - 21) + -32)?
34
Calculate -31 + 0 - ((-16 - -4) + -139 + 149).
-29
36 - (110 + -74 + -65)
65
What is (59 - 18) + 34 + -35?
40
What is -154 - ((45 - -25) + -164)?
-60
Calculate (-71 - 34) + 107 - 103.
-101
What is the value of -586 - -575 - (-46 + -2)?
37
Evaluate 1 - 12 - (21 - (-33 - -22)).
-43
Calculate 35 - (-3 + 5) - (13 + -20 - -13).
27
What is 15 + -94 + (7 - 79)?
-151
12 + (66 - 13 - 85)
-20
What is the value of 36 - ((-176 - -60) + 90)?
62
What is -59 + -21 - -44 - -26?
-10
-19 - (59 + 14 + (-31 + 0 - -14))
-75
What is the value of 13 + 1 - ((21 - -8) + 32 + 20)?
-67
1 + (0 + 1 - 9) - (6 + 43 - 79)
23
Calculate -63 + 104 - (19 + 14 + -14).
22
What is the value of 59 - (1 + 13 + -24 + 23)?
46
Evaluate 104 + -119 - (6 - 24).
3
Evaluate 0 + (41 + -43 + 79 - (-1 + 14)).
64
Calculate (-5 + 4 - 1) + (-86 - -76) - -44.
32
What is 6 - (-13 + -7 - (-5 + -5 + 8))?
24
Calculate -42 - (-17 - 2) - -16 - (0 + 1).
-8
Calculate ((-21 - -16) + -57 - -40) + 136.
114
6 + -8 + 7 + (-104 - (-2 + 15)) + -11
-123
What is 0 - -16 - (47 + -21 + 2 + -6 + -18)?
12
(-30 - -21 - -91) + (-5 - (5 - -1))
71
Evaluate 65 + -7 + 20 + -14 + (14 - (17 + -6)).
67
Evaluate (22 - 0 - (-150 + 167)) + -35.
-30
What is the value of 12 + (35 - (5 + (13 - 13) + 10))?
32
-115 + 0 + -677 + 703 + 24
-65
Evaluate 8269 + -8261 - (93 + 0).
-85
-77 + (-52 - -2) + 69
-58
Calculate -7 - (11 + -23 + -25 + 24).
6
99 - 87 - (-3 + (-1 - -3) + 39)
-26
What is (-137 - -48 - -90) + -2 + 34?
33
33 + 40 - (64 - 35)
44
Calculate 84 + -98 - (-20 - 0).
6
-1 + 13 + -78 + (76 - 42) + -6
-38
Evaluate 2 - 3 - (-44 - (-20 - 45)).
-22
19 - (48 - 32 - 23)
26
-27 + (18 - 22) + (-18 - 33)
-82
Evaluate (-8 - -20) + -25 - (32 + -1).
-4